r**2. Give i(d).
9
Let o(h) = h**3 + 7*h**2 + 8*h + 6. Suppose -3*m + 14 = -7*m + 5*b, 5*m + 5*b = -40. Determine o(m).
-6
Let l(g) = g**3 + 3*g**2 - 2*g + 3. Suppose -4*n = 1 - 13. Let i be (12/6)/(n/(-6)). Let f(z) = -z**2 - z + 9. Let a be f(i). What is l(a)?
9
Let g(y) = -y + 2. Let d(m) = 2*m**3 - 18*m**2 - 10*m - 23. Let x be d(9). Let c = 107 + x. Determine g(c).
8
Let s(n) = 6*n**2 - 3*n - 3. Let q(m) = -m**2 + m. Let w(g) = 5*q(g) + s(g). Let f be w(1). Let a(x) = -3*x + f*x - 1 + 5*x - 2. Determine a(4).
5
Let w = -25 + 67. Suppose 6*g = -g - w. Let n(f) = -f + 1. Give n(g).
7
Let x(u) be the second derivative of u**4/12 - 7*u**3/6 + 4*u**2 + 17*u + 4. Determine x(5).
-2
Let s = -7 - -9. Let r(z) = -4 - 2*z**s + 5*z + 11*z + 3 - 18*z. Determine r(-1).
-1
Let g = 139 + -138. Let x(k) = 32*k**2 - g - k**3 - 73*k**2 + 45*k**2. What is x(5)?
-26
Let q(o) = -o**2 - 20*o - 20. Let c be q(-19). Let k be c + (0 + 35)/5. Let m(g) = -g. What is m(k)?
-6
Let b(o) be the third derivative of -o**6/90 + 17*o**4/24 - 17*o**2. Let q(u) be the second derivative of b(u). What is q(1)?
-8
Suppose 20*f = 15*f - 15. Let k(j) = -j**2 - 5*j - 4. Let a be k(f). Let i(h) be the third derivative of h**6/120 - h**4/8 + h**3/2 + 2*h**2. Calculate i(a).
5
Suppose 2*j + r + 4 = 0, 3*r = 1 + 5. Suppose 3*f + 2*v = v + 2, -4*f + 5 = -v. Let i(o) = -4*o**2 - 20*o - 25*o + 41*o + f - o**3. Determine i(j).
4
Let j(a) = -9*a + 32. Let h(c) = 26*c - 97. Let q(u) = -6*h(u) - 17*j(u). Let r be q(12). Let g(w) = 2*w**3 - w + 2. Determine g(r).
16
Let a(w) = 291*w + 7*w**3 + 0 - w**2 + 1 - 294*w. Determine a(2).
47
Let v = 58 - 67. Let b(j) = 3*j + 19. Give b(v).
-8
Let u(b) = b**3 - 3*b**2 - 6*b + 7. Let g = -584 - -587. Calculate u(g).
-11
Let y(p) = 2*p**2 + 2*p - 3. Suppose 110*g + 26 = 123*g. Calculate y(g).
9
Let m(q) = -6*q**2 + 1. Suppose -5*c + 4*s - 41 = 49, 5*c - 3*s = -90. Let u be 50/(-3)*c/15. Suppose -5*b + u = -5*x, -3*b + 0*x + 6 = -x. What is m(b)?
-5
Let g = 17 - 17. Let h(w) be the first derivative of -w**3/3 - w**2/2 + w - 45. Give h(g).
1
Let p(t) = -t + 2. Let r(b) = 1. Let i(v) = -p(v) - 2*r(v). Let c be i(7). Let q(z) = -2*z + 3*z**3 + 4*z**2 - c - 6*z**3 + 4*z**3. Determine q(-4).
5
Let g(m) be the second derivative of -m**4/6 + 11*m**3/6 - 5*m**2 + 2*m + 120. Calculate g(7).
-31
Let l(f) = -2*f + 1. Suppose 30 - 2 = 7*g. Suppose -k + 6*k = -3*n + 4, -g*n + 9 = 3*k. Give l(k).
3
Suppose -3*t = w - 3*w - 111, -2*w + 6 = 0. Let i = 8 + -8. Let z(u) = u**2 + i*u**2 + 2*u + t - 36. Give z(-3).
6
Let p(c) = 2*c. Let b = 33 + -21. Let h be 1/4 - 51/b. What is p(h)?
-8
Let r be (-2)/(-8) + 75/4. Suppose 27 = -2*l - 3*d, 2*d + r = -4*l - 23. Let z(n) = -n**3 - 9*n**2 - n. Give z(l).
9
Let b be (12/(-8))/3*68. Let p = b + 42. Let m(u) = -u**2 + 6*u + 5. Calculate m(p).
-11
Suppose 5*l = -q + 11, -2*q - 4*l + 12 = 2*q. Let x(t) = 2 + 3*t - q + 1. Let f(g) = g**3 + 9*g**2 + 10*g + 14. Let c be f(-8). Give x(c).
-4
Let v(u) = 80 - 43 - 32 + u. Let m be v(-3). Let q(a) = a**3 - a**2 - a + 1. Give q(m).
3
Let s = -3 - 0. Let o = s + 8. Let c(l) = 0*l - l**3 - 2*l - 2442 + 2447 + 5*l**2 + 0*l**3. What is c(o)?
-5
Let c(n) = 7*n. Let v(p) = 32*p. Let k(y) = 6*c(y) - 2*v(y). Calculate k(-1).
22
Let s(m) be the first derivative of -3*m**2/2 - 8*m + 128. Determine s(-7).
13
Let t(s) = s**2 - 7*s. Let y(m) = -m - 3. Let z be y(-13). Suppose 2*n - 2*c - c = 6, -z = -n - 2*c. Let b = n - 0. Give t(b).
-6
Let q(f) = -f**3 + 6*f**2 - 6*f + 5. Let u be q(5). Suppose u*y + 4 = y. Let z(i) = 3*i - 2*i - 14 + y + 6. Calculate z(3).
-1
Suppose 0 = -h - 4*h. Suppose 5*n - 7 - 3 = h. Suppose 6 = n*w + u, -3*w + u + 15 = 2*w. Let j(m) = m**3 - 2*m**2 - 2*m + 3. Give j(w).
6
Let v(d) = 2*d + 3. Let k be (-3)/(-3) - -7*(-1 + 3). Suppose -o - 4*x = k, 2*o + 4 = -x - 5. What is v(o)?
-3
Let q(b) = -b**3 - 6*b**2 - b + 7. Let f = -27 + 22. What is q(f)?
-13
Suppose -2*g + 4*g - 4*u = -24, g + 4*u = 12. Let f(d) = -d - 8. Let h be f(g). Let v(l) = 2 + 0*l - l - 10. Calculate v(h).
-4
Let h = -33 - -38. Let r(k) = 5*k**3 - 4*k - 3*k**2 - 3*k**3 - h*k + 5*k + 3. Determine r(3).
18
Let o(s) = -6*s - 4. Suppose 112*i - 101*i = -77. Give o(i).
38
Let k be 2/(2 + 0) - -2. Let i be 5 - ((1 - 0) + (2 - 1)). Suppose 0 = k*y - n + 5, -i*y + n = -4*y + 5. Let c(r) = r**3 - r**2 + r + 3. Calculate c(y).
3
Let s(w) = w**2 + 4*w - 2. Let u(b) = 2*b**2 + 13*b - 4. Let x(y) = 7*s(y) - 3*u(y). What is x(11)?
-2
Let l = 1 + 1. Suppose 0 = -l*s - 2 - 6. Let x(f) = 6 - f - 8 + 3 - 4*f**2 - f**3 + 0*f. What is x(s)?
5
Let p = 453 + -446. Let g(v) = -v**3 + 8*v**2 - 9*v + 10. Calculate g(p).
-4
Let p(j) be the third derivative of -j**4/6 - j**3/6 - j**2. Let g(x) = -2*x + 58. Let b be g(25). Suppose 8*t + b = 4*t. What is p(t)?
7
Let a(n) = -n**2 - 5. Suppose 12*c = 4*c - 4*c. Calculate a(c).
-5
Let s(q) be the second derivative of -2/3*q**3 + 12*q + 0 - 1/2*q**2. Determine s(2).
-9
Let k = -26 + 32. Suppose -2*u = 4*m - 0 - k, -4*m - u + 3 = 0. Let h(c) = 1 + 0*c**3 - 3 + c + 3*c**2 + m*c**2 - c**3. What is h(2)?
4
Let y(c) = -c + 25. Let t be y(29). Let f(s) = -1 - s + 6 + 2*s + 0. Give f(t).
1
Suppose 14 = -10*d - 16. Let p(g) = -g - 3. Determine p(d).
0
Let v be 1/(-2 - (-45)/20). Suppose -7*m + 3*m = v. Let i(t) = -3*t**3 + t**2 + 2*t. Let g(a) = -a**2 - a. Let u(p) = -2*g(p) - i(p). Give u(m).
-2
Suppose 0 = 3*v - 2*v. Let j(x) = v*x**2 - 4 + x**2 - 4 + 5*x. Let i be (-6)/273*7 - (-152)/(-26). Give j(i).
-2
Suppose -3*k - k = -24. Let f(t) = -12*t + 0*t - t - 2 + 7*t + 7*t. Determine f(k).
4
Let f(p) = -477 - p**2 - 3*p + p**2 + 473 + 4*p**2. Give f(-3).
41
Suppose 0 = -0*r - 3*r + a + 150, -2*a + 250 = 5*r. Let c = 49 - r. Let n(t) = -t**3 + 2*t**2 - 1. Determine n(c).
2
Let u(p) = 2*p**2 + 4*p - 1. Suppose -9 = -2*t - 3*n, 0*t = 5*t + 2*n + 5. Give u(t).
5
Suppose -2*f - 2*g = -4, -f - 2*f + 5*g = -6. Let k(l) = -3 - 4*l + 5 - 3 + 0*l + l**f. Calculate k(2).
-5
Let s(c) = -22*c**2 - c - 5. Let m(x) = -62*x**2 - 3*x - 14. Let f(r) = -4*m(r) + 11*s(r). Calculate f(-1).
6
Let m(d) = 2*d**2 + 17*d + 11. Let y be m(-8). Let l(w) = 5*w**2 + 7*w + 2*w**y + w - 7 + w - 3*w**3. Calculate l(6).
11
Suppose -2*a = -4*w - 16, 4 + 12 = -2*a - 4*w. Let q(g) be the third derivative of 0*g - 5/6*g**3 + 0 - 1/24*g**4 + 10*g**2. Give q(a).
-5
Let h(p) = -49 + p**3 - 2 + 21 - 13*p**2 + 3*p. Determine h(13).
9
Let i be 0/1*5/10. Let v = -4 + 13. Let f(y) = y**3 + 2*y**2 - y + 5. Let p(d) = -4*d**3 - 9*d**2 + 5*d - 20. Let n(r) = v*f(r) + 2*p(r). What is n(i)?
5
Let a(m) be the third derivative of -2*m**5/5 - m**4/12 + m**3/6 + 10*m**2 + 5*m. What is a(1)?
-25
Let h = -39 - -31. Let v(i) = 4*i + 27. Let d be v(h). Let z(t) = -3*t - 7. What is z(d)?
8
Let d(g) = 2*g**2 + 2. Let o be d(2). Let i be (-32)/112 - o/14. Let l(b) = 2*b**3 + 2*b + 1. Calculate l(i).
-3
Let u(w) = w. Let p be u(4). Let r(i) be the third derivative of -3*i**2 + 0*i + 1/60*i**5 - 1/8*i**4 + 1/2*i**3 + 0. Give r(p).
7
Suppose 4*y + 5 = 1. Let g(f) = 18*f + 1. Let p be g(y). Let x = 23 + p. Let u(d) = -d + 1. Calculate u(x).
-5
Let h(w) = -w - 18. Let z(a) = a - 13. Let y(k) = -h(k) - 2*z(k). What is y(0)?
44
Let u(c) be the second derivative of -c**3/2 - 2*c**2 + 11*c. Let b(o) = o**2 + 5*o - 7. Let k be b(-5). Let p(r) = r + 3. Let h be p(k). What is u(h)?
8
Let o(b) = 20*b**2 - 49*b - 14*b**2 + 9 + 52*b - b**3. Give o(7).
-19
Let t(q) = -6*q - 19. Let f be 18/8 + (-700)/112. Give t(f).
5
Let j(r) = -r**2 + 2. Let v(a) = a. Let n(x) = j(x) - 3*v(x). Let z(g) = -219*g - 655. Let k be z(-3). What is n(k)?
-8
Let n(k) = -27*k**2 + 3*k + 18*k**2 + 8*k**2 + 1. Let r = 75 + -71. What is n(r)?
-3
Let b(c) = c**3 - 4*c**2 + c - 2. Let o(g) = 6*g**3 - 21*g**2 + 4*g - 10. Let d(y) = 11*b(y) - 2*o(y). Let r = -4618 + 4614. Give d(r).
18
Suppose -5*l + 3*a + a = -13, -l - 5*a + 20 = 0. Let t(x) = -x**3 + 1 + 4*x**2 + 5*x - 1 + 0. Determine t(l).
0
Suppose -24*j + 27*j = -3*h - 9, -4*j + 8 = 0. Let m(d) = -d**2 - 2*d + 2. What is m(h)?
-13
Let j(i) be the second derivative of 15*i - 3/2*i**2 + 0 - 1/6*i**3. Calculate j(0).
-3
Let o = 10 - 19. Let b(z) be the first derivative of -z**3/3 - 4*z**2 + 12*z - 4547. Calculate b(o).
3
Let a = 16 - 21. Let w(o) = -